{"id":96,"date":"2019-03-02T18:43:02","date_gmt":"2019-03-02T17:43:02","guid":{"rendered":"http:\/\/www.martin-feller.de\/blog\/?page_id=96"},"modified":"2019-03-12T15:42:07","modified_gmt":"2019-03-12T14:42:07","slug":"impressum","status":"publish","type":"page","link":"https:\/\/www.martin-feller.de\/blog\/impressum\/","title":{"rendered":"Impressum"},"content":{"rendered":"<p>[et_pb_section fb_built=&#8220;1&#8243; _builder_version=&#8220;3.20.1&#8243; custom_padding=&#8220;70px|0px|32px|0px|false|false&#8220;][et_pb_row _builder_version=&#8220;3.20.1&#8243;][et_pb_column type=&#8220;2_5&#8243; _builder_version=&#8220;3.20.1&#8243;][et_pb_image src=&#8220;http:\/\/www.martin-feller.de\/blog\/wp-content\/uploads\/2019\/03\/MartinFeller_FotoJQuast_400x400.jpg&#8220; _builder_version=&#8220;3.20.2&#8243; animation_style=&#8220;zoom&#8220; animation_speed_curve=&#8220;ease-in&#8220;][\/et_pb_image][\/et_pb_column][et_pb_column type=&#8220;3_5&#8243; _builder_version=&#8220;3.20.1&#8243;][et_pb_text _builder_version=&#8220;3.20.1&#8243; header_font=&#8220;Arvo|||on|||||&#8220; inline_fonts=&#8220;Arvo&#8220;]<\/p>\n<h1><span style=\"font-size: x-large;\">Impressum<\/span><\/h1>\n<p>VERANTWORTLICH F\u00dcR DEN INHALT GEM\u00c4SS \u00a7 5 TMG:<\/p>\n<p><adress><\/adress><\/p>\n<p><span><\/span><\/p>\n<h3><span style=\"font-size: large; font-family: Arvo; font-weight: normal;\"><strong>Martin Feller<\/strong><\/span><\/h3>\n<p><adress class=\"medium\">Schweizerhof 1, 29549 Bad Bevensen<br \/> <\/adress>Telefon | 0170 494 75 04<br \/> Email | info [at] martin-feller.de<br \/> Internet | <a href=\"http:\/\/www.martin-feller.de\">www.martin-feller.de<\/a><\/p>\n<p>Fotos: \u00a9 Jochen Quast, <a href=\"http:\/\/www.jochenquast.de\">http:\/\/www.jochenquast.de<\/a><br \/> Adobe Stock, <a href=\"http:\/\/www.adobe.com\">http:\/\/www.adobe.com<\/a><\/p>\n<p>Webdesign\/Konzept: \u00a9 Ulrike Bals con-text ideenlabor, <a href=\"http:\/\/www.con-text.de\">http:\/\/www.con-text.de<\/a><\/p>\n<p>[\/et_pb_text][\/et_pb_column][\/et_pb_row][et_pb_row custom_padding=&#8220;18px|0px|19px|0px|false|false&#8220; _builder_version=&#8220;3.20.1&#8243;][et_pb_column type=&#8220;1_2&#8243; _builder_version=&#8220;3.20.1&#8243;][et_pb_toggle title=&#8220;HAFTUNGSAUSSCHLUSS (DISCLAIMER)&#8220; _builder_version=&#8220;3.20.2&#8243; title_level=&#8220;h4&#8243; title_font=&#8220;Noto Sans|700||on|||||&#8220; title_text_color=&#8220;#46962b&#8220; title_font_size=&#8220;16px&#8220;]<\/p>\n<p>Die Webseite enth\u00e4lt sog. \u201eexterne Links\u201c (Verlinkungen) zu anderen Webseiten, auf deren Inhalt der Anbieter der Webseite keinen Einfluss hat. Aus diesem Grund kann der Anbieter f\u00fcr diese Inhalte auch keine Gew\u00e4hr \u00fcbernehmen. F\u00fcr die Inhalte und Richtigkeit der bereitgestellten Informationen ist der jeweilige Anbieter der verlinkten Webseite verantwortlich. Zum Zeitpunkt der Verlinkung waren keine Rechtsverst\u00f6\u00dfe erkennbar. Bei Bekanntwerden einer solchen Rechtsverletzung wird der Link umgehend entfernen.<\/p>\n<p>[\/et_pb_toggle][\/et_pb_column][et_pb_column type=&#8220;1_2&#8243; _builder_version=&#8220;3.20.1&#8243;][et_pb_toggle title=&#8220;HAFTUNGSBESCHR\u00c4NKUNG&#8220; _builder_version=&#8220;3.20.2&#8243; title_level=&#8220;h4&#8243; title_font=&#8220;Noto Sans|700||on|||||&#8220; title_text_color=&#8220;#46962b&#8220; title_font_size=&#8220;16px&#8220;]<\/p>\n<p>Die Inhalte des Internetauftritts wurden mit gr\u00f6\u00dftm\u00f6glicher Sorgfalt und nach bestem Gewissen erstellt. Dennoch \u00fcbernimmt der Anbieter dieser Webseite keine Gew\u00e4hr f\u00fcr die Aktualit\u00e4t, Vollst\u00e4ndigkeit und Richtigkeit der bereitgestellten Seiten und Inhalte. Als Diensteanbieter ist der Anbieter dieser Webseite gem\u00e4\u00df \u00a7 7 Abs. 1 TMG f\u00fcr eigene Inhalte und bereitgestellte Informationen auf diesen Seiten nach den allgemeinen Gesetzen verantwortlich; nach den \u00a7\u00a7 8 bis 10 TMG jedoch nicht verpflichtet, die \u00fcbermittelten oder gespeicherten fremden Informationen zu \u00fcberwachen. Eine Entfernung oder Sperrung dieser Inhalte erfolgt umgehend ab dem Zeitpunkt der Kenntnis einer konkreten Rechtsverletzung. Eine Haftung ist erst ab dem Zeitpunkt der Kenntniserlangung m\u00f6glich.<\/p>\n<p>[\/et_pb_toggle][\/et_pb_column][\/et_pb_row][\/et_pb_section][et_pb_section fb_built=&#8220;1&#8243; disabled_on=&#8220;off|off|off&#8220; admin_label=&#8220;Fussleiste&#8220; _builder_version=&#8220;3.19.18&#8243; background_color=&#8220;#46962b&#8220; background_color_gradient_direction=&#8220;360deg&#8220; background_position=&#8220;center_right&#8220; custom_padding=&#8220;0||0||false|false&#8220; global_module=&#8220;1050&#8243; saved_tabs=&#8220;all&#8220;][et_pb_row make_fullwidth=&#8220;on&#8220; custom_padding=&#8220;23px||0||false|false&#8220; _builder_version=&#8220;3.20.1&#8243; border_color_all=&#8220;rgba(0,0,0,0)&#8220; module_alignment=&#8220;center&#8220;][et_pb_column type=&#8220;1_5&#8243; _builder_version=&#8220;3.0.47&#8243;][et_pb_image src=&#8220;http:\/\/www.martin-feller.de\/blog\/wp-content\/uploads\/2019\/03\/Martin-Feller_Logo.png&#8220; align=&#8220;center&#8220; _builder_version=&#8220;3.20.1&#8243; max_width=&#8220;56%&#8220;][\/et_pb_image][\/et_pb_column][et_pb_column type=&#8220;1_5&#8243; _builder_version=&#8220;3.0.47&#8243;][et_pb_text _builder_version=&#8220;3.20.1&#8243; text_font=&#8220;|||on|||||&#8220; text_text_color=&#8220;#FFFFFF&#8220; header_font=&#8220;Arvo||||||||&#8220;]<\/p>\n<p><strong>Martin Feller<\/strong><br \/> Schweizerhof 1<br \/> 29549 Bad Bevensen<\/p>\n<p>[\/et_pb_text][\/et_pb_column][et_pb_column type=&#8220;1_5&#8243; _builder_version=&#8220;3.0.47&#8243;][et_pb_text _builder_version=&#8220;3.20.1&#8243; text_font=&#8220;|||on|||||&#8220; text_text_color=&#8220;#FFFFFF&#8220; header_font=&#8220;||||||||&#8220;]<\/p>\n<p>Tel.: +49 170 494 75 04<br \/> info [at] martin-feller.de<br \/> www.martin-feller.de<\/p>\n<p>[\/et_pb_text][\/et_pb_column][et_pb_column type=&#8220;1_5&#8243; _builder_version=&#8220;3.0.47&#8243;][\/et_pb_column][et_pb_column type=&#8220;1_5&#8243; _builder_version=&#8220;3.0.47&#8243;][et_pb_image src=&#8220;http:\/\/www.martin-feller.de\/blog\/wp-content\/uploads\/2019\/03\/Gruene_Logo_4c_aufTransparent_hellesBlau.png&#8220; align=&#8220;right&#8220; _builder_version=&#8220;3.20.1&#8243; custom_margin=&#8220;-27px||&#8220; custom_padding=&#8220;||&#8220;][\/et_pb_image][\/et_pb_column][\/et_pb_row][et_pb_row make_fullwidth=&#8220;on&#8220; custom_padding=&#8220;23px|0px|0|0|false|false&#8220; _builder_version=&#8220;3.20.1&#8243;][et_pb_column type=&#8220;4_4&#8243; _builder_version=&#8220;3.20.1&#8243;][et_pb_divider color=&#8220;rgba(255,255,255,0.6)&#8220; _builder_version=&#8220;3.20.1&#8243;][\/et_pb_divider][\/et_pb_column][\/et_pb_row][\/et_pb_section]<\/p>\n","protected":false},"excerpt":{"rendered":"<p>Impressum VERANTWORTLICH F\u00dcR DEN INHALT GEM\u00c4SS \u00a7 5 TMG: Martin Feller Schweizerhof 1, 29549 Bad Bevensen Telefon | 0170 494 75 04 Email | info [at] martin-feller.de Internet | www.martin-feller.de Fotos: \u00a9 Jochen Quast, http:\/\/www.jochenquast.de Adobe Stock, http:\/\/www.adobe.com Webdesign\/Konzept: \u00a9 Ulrike Bals con-text ideenlabor, http:\/\/www.con-text.deDie Webseite enth\u00e4lt sog. \u201eexterne Links\u201c (Verlinkungen) zu anderen Webseiten, auf [&hellip;]<\/p>\n","protected":false},"author":2,"featured_media":0,"parent":0,"menu_order":0,"comment_status":"closed","ping_status":"closed","template":"page-template-fullwidth.php","meta":{"_et_pb_use_builder":"on","_et_pb_old_content":"","_et_gb_content_width":"","footnotes":""},"class_list":["post-96","page","type-page","status-publish","hentry"],"_links":{"self":[{"href":"https:\/\/www.martin-feller.de\/blog\/wp-json\/wp\/v2\/pages\/96","targetHints":{"allow":["GET"]}}],"collection":[{"href":"https:\/\/www.martin-feller.de\/blog\/wp-json\/wp\/v2\/pages"}],"about":[{"href":"https:\/\/www.martin-feller.de\/blog\/wp-json\/wp\/v2\/types\/page"}],"author":[{"embeddable":true,"href":"https:\/\/www.martin-feller.de\/blog\/wp-json\/wp\/v2\/users\/2"}],"replies":[{"embeddable":true,"href":"https:\/\/www.martin-feller.de\/blog\/wp-json\/wp\/v2\/comments?post=96"}],"version-history":[{"count":15,"href":"https:\/\/www.martin-feller.de\/blog\/wp-json\/wp\/v2\/pages\/96\/revisions"}],"predecessor-version":[{"id":1407,"href":"https:\/\/www.martin-feller.de\/blog\/wp-json\/wp\/v2\/pages\/96\/revisions\/1407"}],"wp:attachment":[{"href":"https:\/\/www.martin-feller.de\/blog\/wp-json\/wp\/v2\/media?parent=96"}],"curies":[{"name":"wp","href":"https:\/\/api.w.org\/{rel}","templated":true}]}}